{"id":1702,"date":"2019-10-18T08:40:04","date_gmt":"2019-10-18T07:40:04","guid":{"rendered":"https:\/\/www.alainfromont.fr\/artiste-peintre\/wp-content\/uploads\/2019\/10\/COMPOSITION-GEOMETRIQUE-SUR-FOND-A-DEUX-COULEURS.jpeg"},"modified":"2019-10-18T09:31:33","modified_gmt":"2019-10-18T08:31:33","slug":"composition-geometrique-sur-fond-a-deux-couleurs","status":"inherit","type":"attachment","link":"https:\/\/www.alainfromont.fr\/artiste-peintre\/composition-geometrique-sur-fond-a-deux-couleurs\/","title":{"rendered":"COMPOSITION G\u00c9OM\u00c9TRIQUE SUR FOND \u00c0 DEUX COULEURS \u00ab\u00a0C\u2019est comme vous voulez\u00a0\u00bb Acrylique sur toile 40 x 30 cm"},"author":1,"comment_status":"open","ping_status":"closed","template":"","meta":[],"description":{"rendered":"<p class=\"attachment\"><a href='https:\/\/www.alainfromont.fr\/artiste-peintre\/wp-content\/uploads\/2019\/10\/COMPOSITION-GEOMETRIQUE-SUR-FOND-A-DEUX-COULEURS.jpeg'><img width=\"662\" height=\"500\" src=\"https:\/\/www.alainfromont.fr\/artiste-peintre\/wp-content\/uploads\/2019\/10\/COMPOSITION-GEOMETRIQUE-SUR-FOND-A-DEUX-COULEURS-662x500.jpeg\" class=\"attachment-medium size-medium\" alt=\"\" decoding=\"async\" loading=\"lazy\" srcset=\"https:\/\/www.alainfromont.fr\/artiste-peintre\/wp-content\/uploads\/2019\/10\/COMPOSITION-GEOMETRIQUE-SUR-FOND-A-DEUX-COULEURS-662x500.jpeg 662w, https:\/\/www.alainfromont.fr\/artiste-peintre\/wp-content\/uploads\/2019\/10\/COMPOSITION-GEOMETRIQUE-SUR-FOND-A-DEUX-COULEURS-768x580.jpeg 768w, https:\/\/www.alainfromont.fr\/artiste-peintre\/wp-content\/uploads\/2019\/10\/COMPOSITION-GEOMETRIQUE-SUR-FOND-A-DEUX-COULEURS-1x1.jpeg 1w, https:\/\/www.alainfromont.fr\/artiste-peintre\/wp-content\/uploads\/2019\/10\/COMPOSITION-GEOMETRIQUE-SUR-FOND-A-DEUX-COULEURS.jpeg 1271w\" sizes=\"(max-width: 662px) 100vw, 662px\" \/><\/a><\/p>\n"},"caption":{"rendered":""},"alt_text":"","media_type":"image","mime_type":"image\/jpeg","media_details":{"width":1271,"height":960,"file":"2019\/10\/COMPOSITION-GEOMETRIQUE-SUR-FOND-A-DEUX-COULEURS.jpeg","sizes":{"thumbnail":{"file":"COMPOSITION-GEOMETRIQUE-SUR-FOND-A-DEUX-COULEURS-250x250.jpeg","width":250,"height":250,"mime_type":"image\/jpeg","source_url":"https:\/\/www.alainfromont.fr\/artiste-peintre\/wp-content\/uploads\/2019\/10\/COMPOSITION-GEOMETRIQUE-SUR-FOND-A-DEUX-COULEURS-250x250.jpeg"},"medium":{"file":"COMPOSITION-GEOMETRIQUE-SUR-FOND-A-DEUX-COULEURS-662x500.jpeg","width":662,"height":500,"mime_type":"image\/jpeg","source_url":"https:\/\/www.alainfromont.fr\/artiste-peintre\/wp-content\/uploads\/2019\/10\/COMPOSITION-GEOMETRIQUE-SUR-FOND-A-DEUX-COULEURS-662x500.jpeg"},"medium_large":{"file":"COMPOSITION-GEOMETRIQUE-SUR-FOND-A-DEUX-COULEURS-768x580.jpeg","width":768,"height":580,"mime_type":"image\/jpeg","source_url":"https:\/\/www.alainfromont.fr\/artiste-peintre\/wp-content\/uploads\/2019\/10\/COMPOSITION-GEOMETRIQUE-SUR-FOND-A-DEUX-COULEURS-768x580.jpeg"},"gg_gallery_thumbnail":{"file":"COMPOSITION-GEOMETRIQUE-SUR-FOND-A-DEUX-COULEURS-350x150.jpeg","width":350,"height":150,"mime_type":"image\/jpeg","source_url":"https:\/\/www.alainfromont.fr\/artiste-peintre\/wp-content\/uploads\/2019\/10\/COMPOSITION-GEOMETRIQUE-SUR-FOND-A-DEUX-COULEURS-350x150.jpeg"},"100":{"file":"COMPOSITION-GEOMETRIQUE-SUR-FOND-A-DEUX-COULEURS-1x1.jpeg","width":1,"height":1,"mime_type":"image\/jpeg","source_url":"https:\/\/www.alainfromont.fr\/artiste-peintre\/wp-content\/uploads\/2019\/10\/COMPOSITION-GEOMETRIQUE-SUR-FOND-A-DEUX-COULEURS-1x1.jpeg"},"homepage-block":{"file":"COMPOSITION-GEOMETRIQUE-SUR-FOND-A-DEUX-COULEURS-700x394.jpeg","width":700,"height":394,"mime_type":"image\/jpeg","source_url":"https:\/\/www.alainfromont.fr\/artiste-peintre\/wp-content\/uploads\/2019\/10\/COMPOSITION-GEOMETRIQUE-SUR-FOND-A-DEUX-COULEURS-700x394.jpeg"},"full":{"file":"COMPOSITION-GEOMETRIQUE-SUR-FOND-A-DEUX-COULEURS.jpeg","width":1271,"height":960,"mime_type":"image\/jpeg","source_url":"https:\/\/www.alainfromont.fr\/artiste-peintre\/wp-content\/uploads\/2019\/10\/COMPOSITION-GEOMETRIQUE-SUR-FOND-A-DEUX-COULEURS.jpeg"}},"image_meta":{"aperture":"1.8","credit":"","camera":"iPhone 7","caption":"","created_timestamp":"1570435587","copyright":"","focal_length":"3.99","iso":"100","shutter_speed":"0.076923076923077","title":"","orientation":"0","keywords":[]}},"post":null,"source_url":"https:\/\/www.alainfromont.fr\/artiste-peintre\/wp-content\/uploads\/2019\/10\/COMPOSITION-GEOMETRIQUE-SUR-FOND-A-DEUX-COULEURS.jpeg","_links":{"self":[{"href":"https:\/\/www.alainfromont.fr\/artiste-peintre\/wp-json\/wp\/v2\/media\/1702"}],"collection":[{"href":"https:\/\/www.alainfromont.fr\/artiste-peintre\/wp-json\/wp\/v2\/media"}],"about":[{"href":"https:\/\/www.alainfromont.fr\/artiste-peintre\/wp-json\/wp\/v2\/types\/attachment"}],"author":[{"embeddable":true,"href":"https:\/\/www.alainfromont.fr\/artiste-peintre\/wp-json\/wp\/v2\/users\/1"}],"replies":[{"embeddable":true,"href":"https:\/\/www.alainfromont.fr\/artiste-peintre\/wp-json\/wp\/v2\/comments?post=1702"}]}}

COMPOSITION GÉOMÉTRIQUE SUR FOND À DEUX COULEURS « C’est comme vous voulez » Acrylique sur toile 40 x 30 cm
