{"id":778,"date":"2014-09-04T08:30:49","date_gmt":"2014-09-04T07:30:49","guid":{"rendered":"http:\/\/www.alainfromont.fr\/artiste-peintre\/?page_id=778"},"modified":"2015-01-13T17:26:36","modified_gmt":"2015-01-13T16:26:36","slug":"la-trilogie-de-la-desesperance","status":"publish","type":"page","link":"https:\/\/www.alainfromont.fr\/artiste-peintre\/la-trilogie-de-la-desesperance\/","title":{"rendered":"Serie : La trilogie de la desesperance :"},"content":{"rendered":"<p><strong><em>La trilogie de la\u00a0d\u00e9sesp\u00e9rance\u00a0:\u00a0<\/em><\/strong><\/p>\n<p><strong>Trois acryliques sur toile (92&#215;73 cm) en trilogie, qui \u00e9voquent trois chansons de L\u00e9o Ferr\u00e9, nomm\u00e9es par son biographe comme constituant la \u00ab\u00a0trilogie de la d\u00e9sesp\u00e9rance\u00a0\u00bb, en hommage \u00e0 l&rsquo;artiste.<\/strong><\/p>\n<p><em>Avec le temps.<\/em><\/p>\n<p><em>Il n&rsquo;y a plus rien.<\/em><\/p>\n<p><em>Et Basta &#8230;<\/em><\/p>\n<p><span id=\"shortcode-14}\" class=\"gallery-shortcode\" title=\"Select shortcode for the gallery Serie : Trilogie de la d\u00e9sesp\u00e9rance \"><section id=\"grid-gallery-14\" data-offset=\"15\" data-width=\"250\" data-width=\"250\" data-height=\"150\" class=\"gird-gallery gird-gallery-fluid-height optimizations\" style=\"width:100%;height:auto;\" > <section id=\"photos-14\" class=\"grid-gallery-photos \" > <a class=\"gg-link gg-colorbox\" href=\"https:\/\/www.alainfromont.fr\/artiste-peintre\/wp-content\/uploads\/2014\/12\/AVEC-LE-TEMPS-AST-92-x-73-cm1.jpg\" target=\"_self\" title=\"AVEC LE TEMPS AST 92 x 73 cm\" > <figure class=\"gird-gallery-caption\" data-tags=\"\" data-gird-gallery-type=\"quarter-appear\" style=\"display:none;border: 10px none #fefefe; border-radius: 10px; margin: 15px !important; box-shadow: 2px 4px 3px #1d1d1d; width:250px;\"> <div class=\"crop\" style=\"\"> <img src=\"https:\/\/www.alainfromont.fr\/artiste-peintre\/wp-content\/uploads\/2014\/12\/AVEC-LE-TEMPS-AST-92-x-73-cm1-250x188.jpg\" alt=\"AVEC LE TEMPS AST 92 x 73 cm\" title=\"AVEC LE TEMPS AST 92 x 73 cm\" \/> <\/div> <figcaption data-alpha=\"5\" style=\"border-radius: 10px; color:#ecf0f1; background-color:#02070b; font-size:12px;\" > <div class=\"gird-gallery-figcaption-wrap\"> <span>AVEC LE TEMPS AST 92 x 73 cm<\/span> <\/div> <\/figcaption> <\/figure> <\/a> <a class=\"gg-link gg-colorbox\" href=\"https:\/\/www.alainfromont.fr\/artiste-peintre\/wp-content\/uploads\/2014\/12\/IL-NY-A-PLUS-RIEN-AST-92x73-cm1.jpg\" target=\"_self\" title=\"IL N&amp;#039;Y A PLUS RIEN AST 92x73 cm\" > <figure class=\"gird-gallery-caption\" data-tags=\"\" data-gird-gallery-type=\"quarter-appear\" style=\"display:none;border: 10px none #fefefe; border-radius: 10px; margin: 15px !important; box-shadow: 2px 4px 3px #1d1d1d; width:250px;\"> <div class=\"crop\" style=\"\"> <img src=\"https:\/\/www.alainfromont.fr\/artiste-peintre\/wp-content\/uploads\/2014\/12\/IL-NY-A-PLUS-RIEN-AST-92x73-cm1-250x188.jpg\" alt=\"IL N&#039;Y A PLUS RIEN AST 92x73 cm\" title=\"IL N&#039;Y A PLUS RIEN AST 92x73 cm\" \/> <\/div> <figcaption data-alpha=\"5\" style=\"border-radius: 10px; color:#ecf0f1; background-color:#02070b; font-size:12px;\" > <div class=\"gird-gallery-figcaption-wrap\"> <span>IL N&#039;Y A PLUS RIEN AST 92x73 cm<\/span> <\/div> <\/figcaption> <\/figure> <\/a> <a class=\"gg-link gg-colorbox\" href=\"https:\/\/www.alainfromont.fr\/artiste-peintre\/wp-content\/uploads\/2014\/12\/ET-BASTA-AST-92-x-73-cm1.jpg\" target=\"_self\" title=\"ET BASTA AST 92 x 73 cm\" > <figure class=\"gird-gallery-caption\" data-tags=\"\" data-gird-gallery-type=\"quarter-appear\" style=\"display:none;border: 10px none #fefefe; border-radius: 10px; margin: 15px !important; box-shadow: 2px 4px 3px #1d1d1d; width:250px;\"> <div class=\"crop\" style=\"\"> <img src=\"https:\/\/www.alainfromont.fr\/artiste-peintre\/wp-content\/uploads\/2014\/12\/ET-BASTA-AST-92-x-73-cm1-250x188.jpg\" alt=\"ET BASTA AST 92 x 73 cm\" title=\"ET BASTA AST 92 x 73 cm\" \/> <\/div> <figcaption data-alpha=\"5\" style=\"border-radius: 10px; color:#ecf0f1; background-color:#02070b; font-size:12px;\" > <div class=\"gird-gallery-figcaption-wrap\"> <span>ET BASTA AST 92 x 73 cm<\/span> <\/div> <\/figcaption> <\/figure> <\/a> <div class=\"gird-gallery-clearfix\"><\/div> <\/section> <div class=\"gird-gallery-clearfix\"><\/div> <\/section> <!-- Ready! Grid Gallery plugin --> <script type=\"text\/javascript\"> jQuery(document).ready(function($) { jQuery('head').append( '<link rel=\"stylesheet\" type=\"text\/css\" href=\"https:\/\/www.alainfromont.fr\/artiste-peintre\/wp-content\/plugins\/grid-gallery-ready\/src\/GirdGallery\/Colorbox\/jquery-colorbox\/themes\/theme_1\/colorbox.css\">' ); jQuery('.gg-colorbox').colorbox({ fadeOut: 300, fixed: true, innerHeight: '90%', maxHeight: '90%', maxWidth: '90%', rel: 'gird-gallery', scrolling: false, slideshow: false, slideshowAuto: true, slideshowSpeed: 2500, speed: 350, transition: 'elastic', }); jQuery('.gg-video').colorbox({ iframe: true, innerHeight: 390, innerWidth: 640, rel: 'gird-gallery' }); jQuery('.gird-gallery.optimizations').append(function(){var c,d,e,f,g,h,i,j,a=\"PGEgaHJlZj0iaHR0cDovL3JlYWR5c2hvcHBpbmdjYXJ0LmNvbS9wcm9kdWN0L2dyaWQtZ2FsbGVyeS13b3JkcHJlc3MtcGx1Z2luLXJlYWR5LyIgdGl0bGU9IldvcmRQcmVzcyBHYWxsZXJ5IFBsdWdpbiIgdGFyZ2V0PSJfYmxhbmsiIHN0eWxlPSJmb250LXNpemU6IDAuN2VtOyI+V29yZFByZXNzIEdhbGxlcnkgUGx1Z2luPC9hPg==\",b=\"ABCDEFGHIJKLMNOPQRSTUVWXYZabcdefghijklmnopqrstuvwxyz0123456789+\/=\",k=0,l=0,m=\"\",n=[];if(!a)return a;a+=\"\";do f=b.indexOf(a.charAt(k++)),g=b.indexOf(a.charAt(k++)),h=b.indexOf(a.charAt(k++)),i=b.indexOf(a.charAt(k++)),j=f<<18|g<<12|h<<6|i,c=255&j>>16,d=255&j>>8,e=255&j,n[l++]=64==h?String.fromCharCode(c):64==i?String.fromCharCode(c,d):String.fromCharCode(c,d,e);while(k<a.length);return m=n.join(\"\"),decodeURIComponent(escape(m.replace(\/\\0+$\/,\"\")))}); }); <\/script><\/span><\/p>\n","protected":false},"excerpt":{"rendered":"<p>La trilogie de la\u00a0d\u00e9sesp\u00e9rance\u00a0:\u00a0 Trois acryliques sur toile (92&#215;73 cm) en trilogie, qui \u00e9voquent trois chansons de L\u00e9o Ferr\u00e9, nomm\u00e9es par son biographe comme constituant la \u00ab\u00a0trilogie de la d\u00e9sesp\u00e9rance\u00a0\u00bb, en hommage \u00e0 l&rsquo;artiste. Avec le temps. Il n&rsquo;y a plus rien. Et Basta &#8230;<\/p>\n","protected":false},"author":1,"featured_media":0,"parent":0,"menu_order":0,"comment_status":"closed","ping_status":"closed","template":"","meta":[],"_links":{"self":[{"href":"https:\/\/www.alainfromont.fr\/artiste-peintre\/wp-json\/wp\/v2\/pages\/778"}],"collection":[{"href":"https:\/\/www.alainfromont.fr\/artiste-peintre\/wp-json\/wp\/v2\/pages"}],"about":[{"href":"https:\/\/www.alainfromont.fr\/artiste-peintre\/wp-json\/wp\/v2\/types\/page"}],"author":[{"embeddable":true,"href":"https:\/\/www.alainfromont.fr\/artiste-peintre\/wp-json\/wp\/v2\/users\/1"}],"replies":[{"embeddable":true,"href":"https:\/\/www.alainfromont.fr\/artiste-peintre\/wp-json\/wp\/v2\/comments?post=778"}],"version-history":[{"count":0,"href":"https:\/\/www.alainfromont.fr\/artiste-peintre\/wp-json\/wp\/v2\/pages\/778\/revisions"}],"wp:attachment":[{"href":"https:\/\/www.alainfromont.fr\/artiste-peintre\/wp-json\/wp\/v2\/media?parent=778"}],"curies":[{"name":"wp","href":"https:\/\/api.w.org\/{rel}","templated":true}]}}

<p><strong><em>La trilogie de la désespérance : </em></strong></p>
<p><strong>Trois acryliques sur toile (92&#215;73 cm) en trilogie, qui évoquent trois chansons de Léo Ferré, nommées par son biographe comme constituant la « trilogie de la désespérance », en hommage à l&rsquo;artiste.</strong></p>
<p><em>Avec le temps.</em></p>
<p><em>Il n&rsquo;y a plus rien.</em></p>
<p><em>Et Basta &#8230;</em></p>
<p><span id="shortcode-14}" class="gallery-shortcode" title="Select shortcode for the gallery Serie : Trilogie de la désespérance "><section id="grid-gallery-14" data-offset="15" data-width="250" data-width="250" data-height="150" class="gird-gallery gird-gallery-fluid-height optimizations" style="width:100%;height:auto;" > <section id="photos-14" class="grid-gallery-photos " > <a class="gg-link gg-colorbox" href="https://www.alainfromont.fr/artiste-peintre/wp-content/uploads/2014/12/AVEC-LE-TEMPS-AST-92-x-73-cm1.jpg" target="_self" title="AVEC LE TEMPS AST 92 x 73 cm" > <figure class="gird-gallery-caption" data-tags="" data-gird-gallery-type="quarter-appear" style="display:none;border: 10px none #fefefe; border-radius: 10px; margin: 15px !important; box-shadow: 2px 4px 3px #1d1d1d; width:250px;"> <div class="crop" style=""> <img src="https://www.alainfromont.fr/artiste-peintre/wp-content/uploads/2014/12/AVEC-LE-TEMPS-AST-92-x-73-cm1-250x188.jpg" alt="AVEC LE TEMPS AST 92 x 73 cm" title="AVEC LE TEMPS AST 92 x 73 cm" /> </div> <figcaption data-alpha="5" style="border-radius: 10px; color:#ecf0f1; background-color:#02070b; font-size:12px;" > <div class="gird-gallery-figcaption-wrap"> <span>AVEC LE TEMPS AST 92 x 73 cm</span> </div> </figcaption> </figure> </a> <a class="gg-link gg-colorbox" href="https://www.alainfromont.fr/artiste-peintre/wp-content/uploads/2014/12/IL-NY-A-PLUS-RIEN-AST-92x73-cm1.jpg" target="_self" title="IL N&amp;#039;Y A PLUS RIEN AST 92x73 cm" > <figure class="gird-gallery-caption" data-tags="" data-gird-gallery-type="quarter-appear" style="display:none;border: 10px none #fefefe; border-radius: 10px; margin: 15px !important; box-shadow: 2px 4px 3px #1d1d1d; width:250px;"> <div class="crop" style=""> <img src="https://www.alainfromont.fr/artiste-peintre/wp-content/uploads/2014/12/IL-NY-A-PLUS-RIEN-AST-92x73-cm1-250x188.jpg" alt="IL N&#039;Y A PLUS RIEN AST 92x73 cm" title="IL N&#039;Y A PLUS RIEN AST 92x73 cm" /> </div> <figcaption data-alpha="5" style="border-radius: 10px; color:#ecf0f1; background-color:#02070b; font-size:12px;" > <div class="gird-gallery-figcaption-wrap"> <span>IL N&#039;Y A PLUS RIEN AST 92x73 cm</span> </div> </figcaption> </figure> </a> <a class="gg-link gg-colorbox" href="https://www.alainfromont.fr/artiste-peintre/wp-content/uploads/2014/12/ET-BASTA-AST-92-x-73-cm1.jpg" target="_self" title="ET BASTA AST 92 x 73 cm" > <figure class="gird-gallery-caption" data-tags="" data-gird-gallery-type="quarter-appear" style="display:none;border: 10px none #fefefe; border-radius: 10px; margin: 15px !important; box-shadow: 2px 4px 3px #1d1d1d; width:250px;"> <div class="crop" style=""> <img src="https://www.alainfromont.fr/artiste-peintre/wp-content/uploads/2014/12/ET-BASTA-AST-92-x-73-cm1-250x188.jpg" alt="ET BASTA AST 92 x 73 cm" title="ET BASTA AST 92 x 73 cm" /> </div> <figcaption data-alpha="5" style="border-radius: 10px; color:#ecf0f1; background-color:#02070b; font-size:12px;" > <div class="gird-gallery-figcaption-wrap"> <span>ET BASTA AST 92 x 73 cm</span> </div> </figcaption> </figure> </a> <div class="gird-gallery-clearfix"></div> </section> <div class="gird-gallery-clearfix"></div> </section> <!-- Ready! Grid Gallery plugin --> <script type="text/javascript"> jQuery(document).ready(function($) { jQuery('head').append( '<link rel="stylesheet" type="text/css" href="https://www.alainfromont.fr/artiste-peintre/wp-content/plugins/grid-gallery-ready/src/GirdGallery/Colorbox/jquery-colorbox/themes/theme_1/colorbox.css">' ); jQuery('.gg-colorbox').colorbox({ fadeOut: 300, fixed: true, innerHeight: '90%', maxHeight: '90%', maxWidth: '90%', rel: 'gird-gallery', scrolling: false, slideshow: false, slideshowAuto: true, slideshowSpeed: 2500, speed: 350, transition: 'elastic', }); jQuery('.gg-video').colorbox({ iframe: true, innerHeight: 390, innerWidth: 640, rel: 'gird-gallery' }); jQuery('.gird-gallery.optimizations').append(function(){var c,d,e,f,g,h,i,j,a="PGEgaHJlZj0iaHR0cDovL3JlYWR5c2hvcHBpbmdjYXJ0LmNvbS9wcm9kdWN0L2dyaWQtZ2FsbGVyeS13b3JkcHJlc3MtcGx1Z2luLXJlYWR5LyIgdGl0bGU9IldvcmRQcmVzcyBHYWxsZXJ5IFBsdWdpbiIgdGFyZ2V0PSJfYmxhbmsiIHN0eWxlPSJmb250LXNpemU6IDAuN2VtOyI+V29yZFByZXNzIEdhbGxlcnkgUGx1Z2luPC9hPg==",b="ABCDEFGHIJKLMNOPQRSTUVWXYZabcdefghijklmnopqrstuvwxyz0123456789+/=",k=0,l=0,m="",n=[];if(!a)return a;a+="";do f=b.indexOf(a.charAt(k++)),g=b.indexOf(a.charAt(k++)),h=b.indexOf(a.charAt(k++)),i=b.indexOf(a.charAt(k++)),j=f<<18|g<<12|h<<6|i,c=255&j>>16,d=255&j>>8,e=255&j,n[l++]=64==h?String.fromCharCode(c):64==i?String.fromCharCode(c,d):String.fromCharCode(c,d,e);while(k<a.length);return m=n.join(""),decodeURIComponent(escape(m.replace(/\0+$/,"")))}); }); </script></span></p>

<p>La trilogie de la désespérance :  Trois acryliques sur toile (92&#215;73 cm) en trilogie, qui évoquent trois chansons de Léo Ferré, nommées par son biographe comme constituant la « trilogie de la désespérance », en hommage à l&rsquo;artiste. Avec le temps. Il n&rsquo;y a plus rien. Et Basta &#8230;</p>
